omposite?
False
Is 15687473 composite?
False
Is 29198921 a composite number?
False
Is 32770537 a prime number?
False
Is 58552723 composite?
True
Is 11777833 prime?
True
Is 337444321 a prime number?
True
Is 5620883 composite?
False
Is 4977767 a prime number?
True
Is 75188753 prime?
True
Is 6990307 a prime number?
True
Is 12497101 prime?
True
Is 24969293 prime?
False
Is 3474589 composite?
False
Is 272385829 prime?
True
Is 9641221 prime?
True
Is 372223 composite?
False
Is 89427479 composite?
True
Is 164789 a composite number?
False
Is 8456489 a composite number?
False
Is 371511767 prime?
False
Is 2296685 a prime number?
False
Is 14796983 composite?
True
Is 81324623 a composite number?
False
Is 5384183 composite?
True
Is 128013361 a prime number?
False
Is 742639 composite?
True
Is 591277 a prime number?
False
Is 49311893 prime?
True
Is 51187979 composite?
True
Is 4571819 a composite number?
True
Is 14231267 a composite number?
False
Is 50939359 a prime number?
True
Is 7889627 a composite number?
False
Is 174121 composite?
False
Is 8249737 composite?
True
Is 58819339 a prime number?
True
Is 54121 a prime number?
True
Is 4133807 prime?
True
Is 30689201 composite?
False
Is 2355799 composite?
False
Is 2684911 composite?
True
Is 461352037 composite?
False
Is 371124123 composite?
True
Is 118642637 prime?
True
Is 8783081 prime?
False
Is 131711339 a composite number?
True
Is 4226009 composite?
False
Is 2387879 composite?
True
Is 1745983 composite?
True
Is 1272595 a composite number?
True
Is 10908103 a prime number?
True
Is 2230643 a composite number?
False
Is 1970743 composite?
False
Is 3022027 prime?
True
Is 409585207 composite?
True
Is 82068313 a prime number?
True
Is 606211 a composite number?
True
Is 10362617 a prime number?
False
Is 210056101 composite?
True
Is 39256585 composite?
True
Is 17788523 composite?
True
Is 2243959 a composite number?
False
Is 23269409 prime?
False
Is 132013 composite?
True
Is 196481059 a composite number?
True
Is 369822949 composite?
True
Is 324540857 composite?
False
Is 331910717 composite?
True
Is 182641147 a prime number?
False
Is 673444022 a composite number?
True
Is 4490683 composite?
True
Is 12232721 a prime number?
True
Is 208721 a composite number?
False
Is 4517043 a composite number?
True
Is 15833569 composite?
True
Is 50146577 a prime number?
False
Is 1274381 prime?
True
Is 1630063 prime?
False
Is 133692667 composite?
True
Is 35112433 prime?
True
Is 42560809 a prime number?
False
Is 14688571 prime?
True
Is 14637059 a prime number?
True
Is 3381331 prime?
True
Is 3647431 a composite number?
False
Is 197810227 composite?
False
Is 9747181 a prime number?
False
Is 49004357 composite?
False
Is 228153199 composite?
False
Is 15882677 prime?
True
Is 3478009 prime?
True
Is 117985381 prime?
True
Is 21668389 a composite number?
False
Is 35035135 composite?
True
Is 529022203 a composite number?
True
Is 45671267 composite?
False
Is 4898573 a composite number?
False
Is 61018193 a prime number?
True
Is 9595031 prime?
False
Is 4181029 prime?
False
Is 10496894 a prime number?
False
Is 106993 a prime number?
True
Is 1518401593 prime?
True
Is 78848333 a composite number?
False
Is 237265657 a composite number?
False
Is 13546831 composite?
True
Is 218724019 a composite number?
True
Is 22750295 prime?
False
Is 6045881 a composite number?
False
Is 3288251 composite?
True
Is 96299549 composite?
True
Is 10090029 prime?
False
Is 7197833 composite?
False
Is 88082713 composite?
True
Is 5247491 a composite number?
False
Is 7814678 a prime number?
False
Is 29451119 a prime number?
True
Is 852073 a composite number?
True
Is 5099519 a prime number?
True
Is 450470737 composite?
False
Is 7789909 a prime number?
False
Is 133064417 a prime number?
True
Is 3484933 a prime number?
False
Is 146486077 prime?
True
Is 159673597 composite?
False
Is 1646735 composite?
True
Is 46457605 a prime number?
False
Is 495634349 a prime number?
False
Is 3090683 a prime number?
False
Is 1544767 composite?
True
Is 23981911 composite?
True
Is 25183 a composite number?
False
Is 534491 a prime number?
True
Is 254627339 a composite number?
False
Is 7588687 prime?
True
Is 2070737 a prime number?
True
Is 7403703 a composite number?
True
Is 47756341 composite?
False
Is 64137511 prime?
True
Is 52102139 composite?
True
Is 1213445 a composite number?
True
Is 137761222 composite?
True
Is 189502583 a prime number?
True
Is 167060947 a prime number?
True
Is 1490803 prime?
False
Is 14050691 prime?
True
Is 23942969 a composite number?
False
Is 414036043 prime?
True
Is 99510151 prime?
False
Is 3207047 composite?
False
Is 591281 a composite number?
True
Is 1125949 prime?
False
Is 4323161 prime?
True
Is 97926467 composite?
False
Is 325057 composite?
True
Is 130403041 composite?
True
Is 24196517 composite?
False
Is 791507 prime?
False
Is 61026599 prime?
True
Is 1267501 a prime number?
True
Is 6499513 a composite number?
False
Is 1008933401 a prime number?
False
Is 4833313 prime?
False
Is 39833147 composite?
True
Is 62944961 composite?
False
Is 176903369 a prime number?
False
Is 18564011 a composite number?
False
Is 2814367 composite?
True
Is 610979 prime?
False
Is 48193683 a composite number?
True
Is 12472753 composite?
False
Is 1919839 a composite number?
False
Is 1214003 a prime number?
False
Is 652063 prime?
True
Is 4286851 prime?
True
Is 14727817 a composite number?
True
Is 27180421 composite?
False
Is 52051 a composite number?
False
Is 122327 a composite number?
False
Is 3177737 a composite number?
False
Is 6457469 a composite number?
True
Is 24490433 prime?
False
Is 6749437 prime?
True
Is 149393 prime?
True
Is 36046723 composite?
False
Is 6131297 prime?
True
Is 40858693 a composite number?
True
Is 75939287 composite?
False
Is 127905073 a prime number?
False
Is 681509 a composite number?
True
Is 300453697 prime?
True
Is 990421 prime?
False
Is 27465193 composite?
True
Is 22625243 composite?
False
Is 55375601 a prime number?
True
Is 48282757 composite?
False
Is 12668449 a composite number?
False
Is 12627359 a composite number?
True
Is 1722169 prime?
False
Is 4291367 prime?
False
Is 48339737 a prime number?
True
Is 85495369 a composite number?
True
Is 4013267 prime?
True
Is 595733 a prime number?
True
Is 11046479 composite?
False
Is 45958981 a composite number?
False
Is 1661357 prime?
False
Is 119537 composite?
True
Is 883913 prime?
False
Is 308600951 a prime number?
True
Is 15064597 a prime number?
True
Is 173094531 a composite number?
True
Is 137160577 composite?
False
Is 38145349 a composite number?
True
Is 408187061 prime?
True
Is 13815523 composite?
False
Is 8448157 a prime number?
True
Is 14151145 a prime number?
False
Is 586589 composite?
False
Is 123749849 prime?
False
Is 638621 a prime number?
True
Is 32935277 composite?
False
Is 4847767 composite?
True
Is 27725077 a composite number?
False
Is 113523747 composite?
True
Is 35985013 a prime number?
False
Is 28528369 a composite number?
True
Is 477865951 a prime number?
True
Is 450590131 a composite number?
False
Is 45487339 composite?
False
Is 9261371 a composite number?
True
Is 3548903 composite?
True
Is 12655367 a prime number?
True
Is 545957 composite?
True
Is 194888677 composite?
False
Is 222209 a composite number?
True
Is 42251519 a prime number?
False
Is 172120211 a prime number?
True
Is 9361531 a prime number?
True
Is 10541449 composite?
False
Is 554427527 prime?
False
Is 91363999 prime?
False
Is 27695099 composite?
False
Is 11169919 composite?
True
Is 5166921 a composite number?
True
Is 7943473 composite?
False
Is 14299093 a prime number?
True
Is 156007 prime?
True
Is 309121 composite?
False
Is 37112123 prime?
True
Is 10587953 a composite number?
True
Is 5281259 prime?
False
Is 6333221 a prime number?
True
Is 567704107 a prime number?
True
Is 25856651 a composite number?
False
Is 3987677 a prime number?
True
Is 108878249 prime?
True
Is 1070687 a prime number?
False
Is 104136569 prime?
True
Is 5544005 a prime number?
False
Is 3306943 a prime number?
True
Is 6251099 composite?
True
Is 7254617 a composite number?
False
Is 796273 composite?
True
Is 4494586 a composite number?
True
Is 35687741 a prime number?
False
Is 115619617 prime?
False
Is 79545283 a prime number?
False
Is 71161033 composite?
True
Is 1944923 composite?